r of 198?
False
Is 17 a factor of 187?
True
Does 73 divide 19199?
True
Is 11 a factor of 1290?
False
Is 916 a multiple of 65?
False
Does 20 divide 913?
False
Does 14 divide 67285?
False
Is 44675 a multiple of 194?
False
Does 3 divide 582?
True
Does 9 divide 1962?
True
Is 194 a factor of 1451?
False
Is 6 a factor of 516?
True
Is 296 a multiple of 10?
False
Is 20 a factor of 5580?
True
Does 6 divide 156?
True
Does 68 divide 4384?
False
Does 20 divide 5964?
False
Is 569 a multiple of 2?
False
Is 63 a multiple of 7?
True
Is 3406 a multiple of 85?
False
Is 187 a multiple of 71?
False
Is 139 a factor of 5282?
True
Does 6 divide 488?
False
Is 59 a factor of 1183?
False
Is 13 a factor of 52991?
False
Does 21 divide 10416?
True
Does 18 divide 14461?
False
Does 52 divide 3936?
False
Does 43 divide 75207?
True
Is 9 a factor of 3006?
True
Does 5 divide 5319?
False
Is 807 a multiple of 28?
False
Is 11664 a multiple of 54?
True
Is 368 a multiple of 11?
False
Does 11 divide 869?
True
Does 14 divide 83321?
False
Is 31 a factor of 1330?
False
Is 12 a factor of 924?
True
Is 59280 a multiple of 38?
True
Does 36 divide 7580?
False
Is 16 a factor of 14178?
False
Is 48 a factor of 7511?
False
Is 3239 a multiple of 4?
False
Is 432 a multiple of 27?
True
Does 90 divide 2531?
False
Is 21 a factor of 924?
True
Is 5 a factor of 623?
False
Does 5 divide 975?
True
Is 16432 a multiple of 208?
True
Is 17 a factor of 476?
True
Does 44 divide 7304?
True
Is 9200 a multiple of 5?
True
Is 1365 a multiple of 15?
True
Is 950 a multiple of 38?
True
Is 2272 a multiple of 14?
False
Is 11616 a multiple of 4?
True
Is 85 a factor of 1445?
True
Is 735 a multiple of 15?
True
Does 12 divide 8196?
True
Does 4 divide 164?
True
Is 143 a multiple of 5?
False
Is 20 a factor of 658?
False
Is 16 a factor of 266?
False
Is 25 a factor of 150?
True
Is 6391 a multiple of 11?
True
Is 19 a factor of 4590?
False
Is 1437 a multiple of 9?
False
Is 468 a multiple of 18?
True
Is 13 a factor of 135?
False
Does 16 divide 146512?
True
Is 130 a factor of 268?
False
Is 1110 a multiple of 40?
False
Does 42 divide 56331?
False
Is 819 a multiple of 7?
True
Does 7 divide 147?
True
Is 6 a factor of 10793?
False
Is 3921 a multiple of 14?
False
Does 28 divide 1176?
True
Does 15 divide 450?
True
Does 8 divide 307?
False
Is 8 a factor of 844?
False
Does 7 divide 3268?
False
Is 419 a multiple of 6?
False
Does 33 divide 7293?
True
Is 99 a factor of 5462?
False
Is 57 a factor of 741?
True
Is 2835 a multiple of 27?
True
Is 83 a factor of 11579?
False
Is 1106 a multiple of 5?
False
Does 11 divide 6785?
False
Is 15 a factor of 491?
False
Does 14 divide 4018?
True
Does 12 divide 221?
False
Is 189 a multiple of 11?
False
Is 26 a factor of 343?
False
Is 231 a multiple of 11?
True
Is 58 a factor of 77585?
False
Does 22 divide 64988?
True
Does 32 divide 496?
False
Does 11 divide 1492?
False
Does 8 divide 41024?
True
Is 3850 a multiple of 145?
False
Does 46 divide 690?
True
Does 3 divide 37?
False
Is 168 a factor of 10248?
True
Is 79 a factor of 7505?
True
Is 336 a multiple of 24?
True
Is 111 a factor of 24063?
False
Is 72 a factor of 9432?
True
Does 23 divide 2247?
False
Is 23574 a multiple of 6?
True
Is 11080 a multiple of 10?
True
Is 602 a multiple of 9?
False
Is 19 a factor of 1847?
False
Is 63004 a multiple of 5?
False
Does 7 divide 14903?
True
Is 32 a factor of 587?
False
Is 166 a factor of 3984?
True
Does 227 divide 70511?
False
Is 81 a factor of 909?
False
Is 62 a factor of 192?
False
Is 5264 a multiple of 188?
True
Is 23 a factor of 762?
False
Does 155 divide 27131?
False
Does 38 divide 23032?
False
Is 4 a factor of 247?
False
Is 111 a factor of 1404?
False
Does 41 divide 1763?
True
Is 6 a factor of 715?
False
Is 15240 a multiple of 20?
True
Is 4 a factor of 188?
True
Is 10 a factor of 23182?
False
Is 37354 a multiple of 19?
True
Is 2757 a multiple of 5?
False
Does 18 divide 1125?
False
Is 12936 a multiple of 168?
True
Is 11 a factor of 375?
False
Is 1703 a multiple of 13?
True
Is 3 a factor of 2928?
True
Is 12 a factor of 2398?
False
Does 11 divide 3386?
False
Is 21 a factor of 9555?
True
Does 38 divide 1102?
True
Is 11817 a multiple of 26?
False
Is 35093 a multiple of 15?
False
Is 22 a factor of 3907?
False
Does 24 divide 1668?
False
Is 34 a factor of 25225?
False
Does 6 divide 796?
False
Is 6396 a multiple of 41?
True
Does 24 divide 537?
False
Is 10 a multiple of 2?
True
Does 21 divide 42?
True
Does 95 divide 950?
True
Does 17 divide 59?
False
Is 7784 a multiple of 8?
True
Does 37 divide 6068?
True
Is 5704 a multiple of 92?
True
Does 11 divide 205?
False
Is 89 a multiple of 4?
False
Does 12 divide 3624?
True
Is 7 a factor of 204?
False
Does 15 divide 1470?
True
Does 97 divide 21279?
False
Is 70092 a multiple of 99?
True
Does 25 divide 425?
True
Does 66 divide 2162?
False
Does 41 divide 312?
False
Does 2 divide 129?
False
Does 44 divide 1069?
False
Does 38 divide 797?
False
Is 336 a multiple of 6?
True
Is 341 a multiple of 8?
False
Does 7 divide 9135?
True
Is 7140 a multiple of 21?
True
Is 57 a multiple of 14?
False
Is 113 a factor of 2188?
False
Does 15 divide 2613?
False
Is 44 a factor of 440?
True
Is 14 a factor of 5250?
True
Does 103 divide 2472?
True
Is 7 a factor of 847?
True
Is 2165 a multiple of 54?
False
Does 10 divide 540?
True
Is 8003 a multiple of 5?
False
Is 119965 a multiple of 18?
False
Does 133 divide 2660?
True
Is 10500 a multiple of 105?
True
Is 897 a multiple of 13?
True
Is 6 a factor of 228?
True
Is 1776 a multiple of 6?
True
Is 69 a multiple of 23?
True
Is 10545 a multiple of 44?
False
Is 16 a multiple of 13?
False
Does 7 divide 48?
False
Is 10 a factor of 1560?
True
Is 6 a factor of 8664?
True
Is 15207 even?
False
Is 218 a factor of 9236?
False
Does 13 divide 466?
False
Does 21 divide 1049?
False
Is 46443 a multiple of 339?
True
Is 1640 a multiple of 40?
True
Is 105 a factor of 9752?
False
Is 4248 a multiple of 8?
True
Is 424 a multiple of 3?
False
Is 62 a multiple of 32?
False
Does 13 divide 1907?
False
Does 11 divide 13203?
False
Is 33860 a multiple of 74?
False
Is 39 a factor of 5616?
True
Is 46 a factor of 353?
False
Is 9 a factor of 1137?
False
Is 7161 a multiple of 93?
True
Is 16 a factor of 2688?
True
Is 67 a factor of 2018?
False
Does 78 divide 468?
True
Does 46 divide 272?
False
Is 40 a multiple of 5?
True
Is 18 a factor of 2916?
True
Is 13 a factor of 10023?
True
Is 71 a multiple of 4?
False
Is 247 a multiple of 6?
False
Is 9983 a multiple of 45?
False
Is 2967 a multiple of 43?
True
Is 5 a factor of 4966?
False
Does 13 divide 10127?
True
Does 28 divide 130?
False
Is 8638 a multiple of 14?
True
Is 2773 a multiple of 142?
False
Does 12 divide 516?
True
Is 2 a factor of 267?
False
Is 480 a multiple of 40?
True
Is 218 a factor of 37000?
False
Does 124 divide 3844?
True
Does 35 divide 1820?
True
Does 9 divide 445?
False
Is 4 a factor of 1468?
True
Is 15235 a multiple of 25?
False
Is 56 a factor of 13608?
True
Is 10 a factor of 1408?
False
Is 44 a factor of 44?
True
Is 1740 a multiple of 41?
False
Is 4769 a multiple of 52?
False
Is 87 a multiple of 29?
True
Does 83 divide 2988?
True
Does 8 divide 4027?
False
Is 50848 a multiple of 27?
False
Does 80 divide 3680?
True
Is 34 a factor of 2940?
False
Is 828 a multiple of 9?
True
Does 2 divide 53?
False
Does 26 divide 260?
True
Is 37 a factor of 6031?
True
Does 6 divide 12762?
True
Is 660 a multiple of 22?
True
Does 33 divide 21186?
True
Is 9132 a multiple of 4?
True
Is 6458 a multiple of 38?
False
Is 362 a multiple of 12?
False
Does 3 divide 90?
True
Is 13 a factor of 5590?
True
Is 15 a factor of 647?
False
Is 2926 a multiple of 12?
False
Is 46376 a multiple of 11?
True
Does 8 divide 81?
False
Is 46310 a multiple of 10?
True
Is 1539 a multiple of 57?
True
Is 15 a factor of 1065?
True
Does 19 divide 1158?
False
Is 48025 a multiple of 85?
True
Is 150 a multiple of 28?
False
Is 302 a multiple of 3?
False
Is 5346 a multiple of 59?
False
Does 13 divide 130?
True
Is 1157 a multiple of 5?
False
Is 10 a factor of 90?
True
Is 77 a factor of 61098?
False
Is 21 a factor of 15792?
True
Does 4 divide 132?
True
Is 15 a factor of 626?
False
Does 62 divide 708?
False
Is 5137 a multiple of 68?
False
Is 2480 a multiple of 5?
True
Is 1346 a multiple of 59?
False
Do